{"id":12,"date":"2025-06-23T17:14:07","date_gmt":"2025-06-23T21:14:07","guid":{"rendered":"https:\/\/kafe.cl\/ggvidela\/?page_id=12"},"modified":"2025-06-25T12:05:34","modified_gmt":"2025-06-25T16:05:34","slug":"cede","status":"publish","type":"page","link":"https:\/\/kafe.cl\/ggvidela\/cede\/","title":{"rendered":"CEDE"},"content":{"rendered":"<div class=\"fusion-fullwidth fullwidth-box fusion-builder-row-1 fusion-flex-container has-pattern-background has-mask-background nonhundred-percent-fullwidth non-hundred-percent-height-scrolling\" style=\"--awb-border-radius-top-left:0px;--awb-border-radius-top-right:0px;--awb-border-radius-bottom-right:0px;--awb-border-radius-bottom-left:0px;--awb-flex-wrap:wrap;\" ><div class=\"fusion-builder-row fusion-row fusion-flex-align-items-flex-start fusion-flex-content-wrap\" style=\"max-width:1248px;margin-left: calc(-4% \/ 2 );margin-right: calc(-4% \/ 2 );\"><div class=\"fusion-layout-column fusion_builder_column fusion-builder-column-0 fusion_builder_column_1_2 1_2 fusion-flex-column\" style=\"--awb-bg-size:cover;--awb-width-large:50%;--awb-margin-top-large:0px;--awb-spacing-right-large:3.84%;--awb-margin-bottom-large:20px;--awb-spacing-left-large:3.84%;--awb-width-medium:50%;--awb-order-medium:0;--awb-spacing-right-medium:3.84%;--awb-spacing-left-medium:3.84%;--awb-width-small:100%;--awb-order-small:0;--awb-spacing-right-small:1.92%;--awb-spacing-left-small:1.92%;\"><div class=\"fusion-column-wrapper fusion-column-has-shadow fusion-flex-justify-content-flex-start fusion-content-layout-column\"><div class=\"fusion-text fusion-text-1\"><p>El <b>Consejo Empresarial de Desarrollo Educativo,<\/b> C.E.D.E., est\u00e1n compuestos por representantes de las m\u00e1s importantes Asociaciones Gremiales, vinculadas al Comercio, los Servicios y el Turismo, as\u00ed como miembros de las \u00e1reas productivas ligadas a las especialidades que cada establecimiento imparte, as\u00ed como de miembros de la educaci\u00f3n superior. El Consejo permite vincular a los liceos con la empresa, siendo punto de encuentro eficiente entre la empresa y el mundo de la educaci\u00f3n.<\/p>\n<\/div><\/div><\/div><div class=\"fusion-layout-column fusion_builder_column fusion-builder-column-1 fusion_builder_column_1_2 1_2 fusion-flex-column\" style=\"--awb-bg-size:cover;--awb-width-large:50%;--awb-margin-top-large:0px;--awb-spacing-right-large:3.84%;--awb-margin-bottom-large:20px;--awb-spacing-left-large:3.84%;--awb-width-medium:50%;--awb-order-medium:0;--awb-spacing-right-medium:3.84%;--awb-spacing-left-medium:3.84%;--awb-width-small:100%;--awb-order-small:0;--awb-spacing-right-small:1.92%;--awb-spacing-left-small:1.92%;\"><div class=\"fusion-column-wrapper fusion-column-has-shadow fusion-flex-justify-content-flex-start fusion-content-layout-column\"><div class=\"fusion-image-element \" style=\"--awb-caption-title-font-family:var(--h2_typography-font-family);--awb-caption-title-font-weight:var(--h2_typography-font-weight);--awb-caption-title-font-style:var(--h2_typography-font-style);--awb-caption-title-size:var(--h2_typography-font-size);--awb-caption-title-transform:var(--h2_typography-text-transform);--awb-caption-title-line-height:var(--h2_typography-line-height);--awb-caption-title-letter-spacing:var(--h2_typography-letter-spacing);\"><span class=\" fusion-imageframe imageframe-none imageframe-1 hover-type-none\" style=\"border-radius:20px;\"><img decoding=\"async\" width=\"900\" height=\"600\" alt=\"liceo comercial gabriel gonz\u00e1lez videla - comeduc\" src=\"https:\/\/kafe.cl\/ggvidela\/wp-content\/uploads\/2025\/06\/img-nosotros.jpg\" class=\"img-responsive wp-image-79\" srcset=\"https:\/\/kafe.cl\/ggvidela\/wp-content\/uploads\/2025\/06\/img-nosotros-200x133.jpg 200w, https:\/\/kafe.cl\/ggvidela\/wp-content\/uploads\/2025\/06\/img-nosotros-400x267.jpg 400w, https:\/\/kafe.cl\/ggvidela\/wp-content\/uploads\/2025\/06\/img-nosotros-600x400.jpg 600w, https:\/\/kafe.cl\/ggvidela\/wp-content\/uploads\/2025\/06\/img-nosotros-800x533.jpg 800w, https:\/\/kafe.cl\/ggvidela\/wp-content\/uploads\/2025\/06\/img-nosotros.jpg 900w\" sizes=\"(max-width: 640px) 100vw, 600px\" \/><\/span><\/div><\/div><\/div><div class=\"fusion-layout-column fusion_builder_column fusion-builder-column-2 fusion_builder_column_3_4 3_4 fusion-flex-column\" style=\"--awb-bg-size:cover;--awb-width-large:75%;--awb-margin-top-large:0px;--awb-spacing-right-large:2.56%;--awb-margin-bottom-large:20px;--awb-spacing-left-large:2.56%;--awb-width-medium:75%;--awb-order-medium:0;--awb-spacing-right-medium:2.56%;--awb-spacing-left-medium:2.56%;--awb-width-small:100%;--awb-order-small:0;--awb-spacing-right-small:1.92%;--awb-spacing-left-small:1.92%;\"><div class=\"fusion-column-wrapper fusion-column-has-shadow fusion-flex-justify-content-flex-start fusion-content-layout-column\"><div class=\"fusion-text fusion-text-2\"><div class=\"table-2\">\n<table width=\"100%\">\n<thead>\n<tr>\n<th align=\"left\"><strong>Empresa<\/strong><\/th>\n<th align=\"left\"><strong>Nombre y Apellido<\/strong><\/th>\n<th align=\"left\"><strong>Cargo<\/strong><\/th>\n<\/tr>\n<\/thead>\n<tbody>\n<tr>\n<td width=\"375\">Consultor independiente<\/td>\n<td width=\"375\">Gonzalo Toledo Larios<\/td>\n<td width=\"375\">Presidente CEDE<\/td>\n<\/tr>\n<tr>\n<td width=\"375\">Comeduc<\/td>\n<td width=\"375\">Jos\u00e9 Manuel del R\u00edo Martin<\/td>\n<td width=\"375\">Representante de Comeduc<\/td>\n<\/tr>\n<tr>\n<td width=\"375\">Comeduc<\/td>\n<td width=\"375\">Jos\u00e9 Manuel Fern\u00e1ndez Solar<\/td>\n<td width=\"375\">Gerente General Comeduc<\/td>\n<\/tr>\n<tr>\n<td width=\"375\">Liceo Comercial Gabriel Gonz\u00e1lez Videla<\/td>\n<td width=\"375\">Alexis Pe\u00f1ailillo Arce<\/td>\n<td width=\"375\">Director<\/td>\n<\/tr>\n<tr>\n<td width=\"375\">Liceo Comercial Gabriel Gonz\u00e1lez Videla<\/td>\n<td width=\"375\">Claudia Abarca Pi\u00f1a<\/td>\n<td width=\"375\">Jefa de UTP<\/td>\n<\/tr>\n<tr>\n<td width=\"375\">Liceo Comercial Gabriel Gonz\u00e1lez Videla<\/td>\n<td width=\"375\">Osman Andrade Rolland<\/td>\n<td width=\"375\">Docente TP Administraci\u00f3n<\/td>\n<\/tr>\n<tr>\n<td width=\"375\">Liceo Comercial Gabriel Gonz\u00e1lez Videla<\/td>\n<td width=\"375\">\u00c1lvaro Z\u00e1rate Herrera<\/td>\n<td width=\"375\">Docente TP Contabilidad<\/td>\n<\/tr>\n<tr>\n<td width=\"375\">Liceo Comercial Gabriel Gonz\u00e1lez Videla<\/td>\n<td width=\"375\">Ana Mar\u00eda Catal\u00e1n Vargas<\/td>\n<td width=\"375\">Docente TP Dibujo T\u00e9cnico<\/td>\n<\/tr>\n<tr>\n<td width=\"375\">Ingenier\u00eda Alemana<\/td>\n<td width=\"375\">Joachim Vogd<\/td>\n<td width=\"375\">Director de IASA<\/td>\n<\/tr>\n<tr>\n<td width=\"375\">Lindsay Auditores Consultores Limitada<\/td>\n<td width=\"375\">Marcelo Bravo Arriagada<\/td>\n<td width=\"375\">Socio de Auditor\u00eda en Bravo y Briones<\/td>\n<\/tr>\n<\/tbody>\n<\/table>\n<\/div>\n<\/div><\/div><\/div><\/div><\/div>\n","protected":false},"excerpt":{"rendered":"","protected":false},"author":1,"featured_media":83,"parent":0,"menu_order":0,"comment_status":"closed","ping_status":"closed","template":"100-width.php","meta":{"footnotes":""},"class_list":["post-12","page","type-page","status-publish","has-post-thumbnail","hentry"],"_links":{"self":[{"href":"https:\/\/kafe.cl\/ggvidela\/wp-json\/wp\/v2\/pages\/12","targetHints":{"allow":["GET"]}}],"collection":[{"href":"https:\/\/kafe.cl\/ggvidela\/wp-json\/wp\/v2\/pages"}],"about":[{"href":"https:\/\/kafe.cl\/ggvidela\/wp-json\/wp\/v2\/types\/page"}],"author":[{"embeddable":true,"href":"https:\/\/kafe.cl\/ggvidela\/wp-json\/wp\/v2\/users\/1"}],"replies":[{"embeddable":true,"href":"https:\/\/kafe.cl\/ggvidela\/wp-json\/wp\/v2\/comments?post=12"}],"version-history":[{"count":6,"href":"https:\/\/kafe.cl\/ggvidela\/wp-json\/wp\/v2\/pages\/12\/revisions"}],"predecessor-version":[{"id":216,"href":"https:\/\/kafe.cl\/ggvidela\/wp-json\/wp\/v2\/pages\/12\/revisions\/216"}],"wp:featuredmedia":[{"embeddable":true,"href":"https:\/\/kafe.cl\/ggvidela\/wp-json\/wp\/v2\/media\/83"}],"wp:attachment":[{"href":"https:\/\/kafe.cl\/ggvidela\/wp-json\/wp\/v2\/media?parent=12"}],"curies":[{"name":"wp","href":"https:\/\/api.w.org\/{rel}","templated":true}]}}

<div class="fusion-fullwidth fullwidth-box fusion-builder-row-1 fusion-flex-container has-pattern-background has-mask-background nonhundred-percent-fullwidth non-hundred-percent-height-scrolling" style="--awb-border-radius-top-left:0px;--awb-border-radius-top-right:0px;--awb-border-radius-bottom-right:0px;--awb-border-radius-bottom-left:0px;--awb-flex-wrap:wrap;" ><div class="fusion-builder-row fusion-row fusion-flex-align-items-flex-start fusion-flex-content-wrap" style="max-width:1248px;margin-left: calc(-4% / 2 );margin-right: calc(-4% / 2 );"><div class="fusion-layout-column fusion_builder_column fusion-builder-column-0 fusion_builder_column_1_2 1_2 fusion-flex-column" style="--awb-bg-size:cover;--awb-width-large:50%;--awb-margin-top-large:0px;--awb-spacing-right-large:3.84%;--awb-margin-bottom-large:20px;--awb-spacing-left-large:3.84%;--awb-width-medium:50%;--awb-order-medium:0;--awb-spacing-right-medium:3.84%;--awb-spacing-left-medium:3.84%;--awb-width-small:100%;--awb-order-small:0;--awb-spacing-right-small:1.92%;--awb-spacing-left-small:1.92%;"><div class="fusion-column-wrapper fusion-column-has-shadow fusion-flex-justify-content-flex-start fusion-content-layout-column"><div class="fusion-text fusion-text-1"><p>El <b>Consejo Empresarial de Desarrollo Educativo,</b> C.E.D.E., están compuestos por representantes de las más importantes Asociaciones Gremiales, vinculadas al Comercio, los Servicios y el Turismo, así como miembros de las áreas productivas ligadas a las especialidades que cada establecimiento imparte, así como de miembros de la educación superior. El Consejo permite vincular a los liceos con la empresa, siendo punto de encuentro eficiente entre la empresa y el mundo de la educación.</p>
</div></div></div><div class="fusion-layout-column fusion_builder_column fusion-builder-column-1 fusion_builder_column_1_2 1_2 fusion-flex-column" style="--awb-bg-size:cover;--awb-width-large:50%;--awb-margin-top-large:0px;--awb-spacing-right-large:3.84%;--awb-margin-bottom-large:20px;--awb-spacing-left-large:3.84%;--awb-width-medium:50%;--awb-order-medium:0;--awb-spacing-right-medium:3.84%;--awb-spacing-left-medium:3.84%;--awb-width-small:100%;--awb-order-small:0;--awb-spacing-right-small:1.92%;--awb-spacing-left-small:1.92%;"><div class="fusion-column-wrapper fusion-column-has-shadow fusion-flex-justify-content-flex-start fusion-content-layout-column"><div class="fusion-image-element " style="--awb-caption-title-font-family:var(--h2_typography-font-family);--awb-caption-title-font-weight:var(--h2_typography-font-weight);--awb-caption-title-font-style:var(--h2_typography-font-style);--awb-caption-title-size:var(--h2_typography-font-size);--awb-caption-title-transform:var(--h2_typography-text-transform);--awb-caption-title-line-height:var(--h2_typography-line-height);--awb-caption-title-letter-spacing:var(--h2_typography-letter-spacing);"><span class=" fusion-imageframe imageframe-none imageframe-1 hover-type-none" style="border-radius:20px;"><img decoding="async" width="900" height="600" alt="liceo comercial gabriel gonzález videla - comeduc" src="https://kafe.cl/ggvidela/wp-content/uploads/2025/06/img-nosotros.jpg" class="img-responsive wp-image-79" srcset="https://kafe.cl/ggvidela/wp-content/uploads/2025/06/img-nosotros-200x133.jpg 200w, https://kafe.cl/ggvidela/wp-content/uploads/2025/06/img-nosotros-400x267.jpg 400w, https://kafe.cl/ggvidela/wp-content/uploads/2025/06/img-nosotros-600x400.jpg 600w, https://kafe.cl/ggvidela/wp-content/uploads/2025/06/img-nosotros-800x533.jpg 800w, https://kafe.cl/ggvidela/wp-content/uploads/2025/06/img-nosotros.jpg 900w" sizes="(max-width: 640px) 100vw, 600px" /></span></div></div></div><div class="fusion-layout-column fusion_builder_column fusion-builder-column-2 fusion_builder_column_3_4 3_4 fusion-flex-column" style="--awb-bg-size:cover;--awb-width-large:75%;--awb-margin-top-large:0px;--awb-spacing-right-large:2.56%;--awb-margin-bottom-large:20px;--awb-spacing-left-large:2.56%;--awb-width-medium:75%;--awb-order-medium:0;--awb-spacing-right-medium:2.56%;--awb-spacing-left-medium:2.56%;--awb-width-small:100%;--awb-order-small:0;--awb-spacing-right-small:1.92%;--awb-spacing-left-small:1.92%;"><div class="fusion-column-wrapper fusion-column-has-shadow fusion-flex-justify-content-flex-start fusion-content-layout-column"><div class="fusion-text fusion-text-2"><div class="table-2">
<table width="100%">
<thead>
<tr>
<th align="left"><strong>Empresa</strong></th>
<th align="left"><strong>Nombre y Apellido</strong></th>
<th align="left"><strong>Cargo</strong></th>
</tr>
</thead>
<tbody>
<tr>
<td width="375">Consultor independiente</td>
<td width="375">Gonzalo Toledo Larios</td>
<td width="375">Presidente CEDE</td>
</tr>
<tr>
<td width="375">Comeduc</td>
<td width="375">José Manuel del Río Martin</td>
<td width="375">Representante de Comeduc</td>
</tr>
<tr>
<td width="375">Comeduc</td>
<td width="375">José Manuel Fernández Solar</td>
<td width="375">Gerente General Comeduc</td>
</tr>
<tr>
<td width="375">Liceo Comercial Gabriel González Videla</td>
<td width="375">Alexis Peñailillo Arce</td>
<td width="375">Director</td>
</tr>
<tr>
<td width="375">Liceo Comercial Gabriel González Videla</td>
<td width="375">Claudia Abarca Piña</td>
<td width="375">Jefa de UTP</td>
</tr>
<tr>
<td width="375">Liceo Comercial Gabriel González Videla</td>
<td width="375">Osman Andrade Rolland</td>
<td width="375">Docente TP Administración</td>
</tr>
<tr>
<td width="375">Liceo Comercial Gabriel González Videla</td>
<td width="375">Álvaro Zárate Herrera</td>
<td width="375">Docente TP Contabilidad</td>
</tr>
<tr>
<td width="375">Liceo Comercial Gabriel González Videla</td>
<td width="375">Ana María Catalán Vargas</td>
<td width="375">Docente TP Dibujo Técnico</td>
</tr>
<tr>
<td width="375">Ingeniería Alemana</td>
<td width="375">Joachim Vogd</td>
<td width="375">Director de IASA</td>
</tr>
<tr>
<td width="375">Lindsay Auditores Consultores Limitada</td>
<td width="375">Marcelo Bravo Arriagada</td>
<td width="375">Socio de Auditoría en Bravo y Briones</td>
</tr>
</tbody>
</table>
</div>
</div></div></div></div></div>
